
True
Does 949 divide 138522683?
True
Is 56 a factor of 300062896?
True
Does 460 divide 53155300?
True
Does 1650 divide 169149650?
False
Is 25 a factor of 28320675?
True
Is 5232508 a multiple of 2?
True
Does 203 divide 3801538847?
False
Is 2270696 a multiple of 3475?
False
Is 759134314 a multiple of 484?
False
Is 55775280 a multiple of 1776?
True
Does 7 divide 5363561?
True
Does 34 divide 140567424?
True
Is 21537060 a multiple of 15?
True
Does 13 divide 77030486?
True
Is 1685 a factor of 619411553?
False
Does 516 divide 101603496?
True
Is 39817243 a multiple of 125?
False
Is 42 a factor of 82019517?
False
Is 122 a factor of 1186553679?
False
Is 326407992 a multiple of 24?
True
Is 1374 a factor of 1293307210?
False
Does 66 divide 350468382?
True
Is 11967397 a multiple of 144?
False
Is 10298596 a multiple of 14?
True
Does 1829 divide 130975223?
False
Is 245625228 a multiple of 18?
True
Does 138 divide 14119205?
False
Is 1456887090 a multiple of 242?
False
Is 119367824 a multiple of 7?
False
Is 15 a factor of 2894628042?
False
Is 606 a factor of 34085622?
False
Is 840164 a multiple of 151?
True
Does 47 divide 2417389500?
False
Is 14 a factor of 8384292?
True
Does 3539 divide 369634011?
False
Is 7848520 a multiple of 437?
True
Does 17 divide 1112126400?
True
Is 30 a factor of 7897920?
True
Is 35664223 a multiple of 485?
False
Is 418 a factor of 42378512?
True
Is 43606464 a multiple of 2904?
True
Is 47563681 a multiple of 7?
False
Is 591 a factor of 152518188?
True
Is 1559279367 a multiple of 196?
False
Is 531 a factor of 217133334?
True
Does 137 divide 2386652?
False
Is 786 a factor of 32410710?
True
Does 29 divide 1141526739?
True
Is 10488114 a multiple of 57?
True
Does 5 divide 173993333?
False
Is 25 a factor of 669961529?
False
Does 298 divide 423427902?
True
Is 274788292 a multiple of 1172?
True
Is 627254383 a multiple of 195?
False
Is 182 a factor of 4364902542?
True
Does 39 divide 260482209?
True
Is 138 a factor of 24081414?
True
Is 4 a factor of 18538458?
False
Is 473578485 a multiple of 15?
True
Is 993 a factor of 422615193?
False
Is 88 a factor of 49865552?
True
Is 28173596 even?
True
Does 434 divide 219584470?
True
Is 5376 a factor of 613901568?
True
Is 1363849144 a multiple of 98?
True
Is 21286422 a multiple of 693?
False
Is 486272034 a multiple of 19?
False
Is 61 a factor of 5472676?
True
Is 762 a factor of 83782436?
False
Is 148019653 a multiple of 33?
False
Is 3923451474 a multiple of 21?
False
Is 4753 a factor of 856476341?
True
Is 1186 a factor of 32383787?
False
Is 10 a factor of 43133550?
True
Is 387607111 a multiple of 670?
False
Does 35 divide 50599114?
False
Is 281973255 a multiple of 2349?
False
Is 72 a factor of 300867834?
False
Does 15504 divide 373196784?
True
Is 1280279655 a multiple of 44?
False
Does 43 divide 615695749?
False
Is 911172120 a multiple of 120?
True
Does 9 divide 247299?
False
Is 16069237 a multiple of 1420?
False
Is 42804104 a multiple of 78?
False
Does 9 divide 4455513?
True
Does 1612 divide 41710705?
False
Is 363 a factor of 2899598103?
False
Is 1347 a factor of 477690651?
True
Is 475465932 a multiple of 31?
False
Is 11 a factor of 23379730?
True
Is 349 a factor of 3228948?
True
Is 224486064 a multiple of 198?
True
Is 1649 a factor of 18604018?
True
Is 4649866 a multiple of 338?
True
Does 10 divide 463493130?
True
Does 13 divide 233945476?
False
Is 13811616 a multiple of 93?
True
Is 668608868 a multiple of 124?
True
Is 2594 a factor of 118443328?
False
Does 120 divide 1024755178?
False
Is 156 a factor of 141422736?
True
Is 4780 a factor of 2052719406?
False
Is 77 a factor of 5518370?
False
Is 132 a factor of 3227946084?
True
Is 216 a factor of 103942410?
False
Is 6596612 a multiple of 22?
True
Does 104 divide 357635313?
False
Is 131 a factor of 1335511453?
False
Is 14032529 a multiple of 7?
True
Is 18 a factor of 19237286?
False
Is 235153145 a multiple of 3259?
True
Is 16 a factor of 53350907?
False
Is 5838173 a multiple of 11?
True
Is 11861417 a multiple of 11?
False
Is 184 a factor of 169003444?
False
Is 185069536 a multiple of 32?
True
Is 20696700 a multiple of 380?
True
Is 2388906676 a multiple of 5682?
False
Is 1005 a factor of 271653510?
True
Is 705 a factor of 2462627732?
False
Is 298 a factor of 56625662?
True
Does 1989 divide 4095351?
True
Does 5191 divide 223441404?
True
Is 33879552 a multiple of 24?
True
Is 6703 a factor of 1715284294?
True
Is 5815 a factor of 663398460?
True
Is 908734660 a multiple of 68?
True
Is 947294944 a multiple of 284?
False
Is 394 a factor of 1471615610?
True
Is 140110319 a multiple of 23?
True
Does 105 divide 3028620?
True
Is 1097698388 a multiple of 156?
False
Does 98 divide 456401339?
False
Does 173 divide 540879341?
False
Is 5 a factor of 27399680?
True
Is 5 a factor of 1237643?
False
Is 404 a factor of 136251020?
True
Is 3852 a factor of 1426370899?
False
Is 8613 a factor of 4569276750?
False
Does 726 divide 15447828?
True
Is 168249657 a multiple of 146?
False
Is 49024192 a multiple of 574?
True
Is 29254655 a multiple of 800?
False
Is 418957517 a multiple of 1185?
False
Is 406 a factor of 558937358?
True
Does 7 divide 22668877?
True
Does 23 divide 21102724?
False
Is 42 a factor of 8103790?
False
Is 62301891 a multiple of 25?
False
Does 7572 divide 1115476752?
True
Is 38 a factor of 1278938184?
True
Is 95524574 a multiple of 12?
False
Is 2640 a factor of 135535566?
False
Does 4 divide 740078548?
True
Does 80 divide 1760431440?
True
Is 112 a factor of 9397075?
False
Does 2387 divide 45556072?
False
Does 16 divide 318991254?
False
Is 20 a factor of 6132360?
True
Is 24175215 a multiple of 4247?
False
Is 9 a factor of 28784583?
True
Does 1301 divide 210761082?
False
Does 75 divide 26619379?
False
Is 245 a factor of 2385084241?
False
Does 2003 divide 147013263?
False
Is 2967974 a multiple of 128?
False
Does 73 divide 615653359?
False
Is 431 a factor of 288814483?
False
Does 17 divide 3454192825?
False
Is 3341032044 a multiple of 10032?
False
Is 14 a factor of 776462744?
False
Is 14989320 a multiple of 9?
True
Is 1147974328 a multiple of 118?
True
Is 29 a factor of 154729616?
True
Is 279 a factor of 267967301?
False
Does 96 divide 483191229?
False
Does 188 divide 3312081742?
False
Is 65 a factor of 7838386?
False
Is 370 a factor of 33278910?
True
Does 4444 divide 1746758521?
False
Is 1418 a factor of 722895953?
False
Does 168 divide 636971496?
True
Is 3596091147 a multiple of 6831?
True
Does 145 divide 74149689?
False
Does 373 divide 257875918?
False
Is 63 a factor of 30757059?
False
Is 1348174585 a multiple of 16?
False
Is 8606013 a multiple of 20?
False
Is 72665880 a multiple of 665?
True
Is 2517045829 a multiple of 139?
False
Is 1434914449 a multiple of 75?
False
Does 2 divide 22880808?
True
Does 94 divide 24991852?
False
Does 4268 divide 4983939928?
True
Is 35 a factor of 232400840?
True
Is 24868039 a multiple of 13?
False
Is 46732991 a multiple of 1112?
False
Is 23523640 a multiple of 8?
True
Is 9 a factor of 1416287198?
False
Does 2 divide 655476440?
True
Is 3384 a factor of 67771368?
True
Does 467 divide 432230993?
False
Is 16 a factor of 147515936?
True
Is 20368569 a multiple of 214?
False
Is 753 a factor of 99960295?
False
Does 60 divide 351626830?
False
Is 4687179854 a multiple of 7259?
True
Is 8013 a factor of 2604048714?
True
Is 78924426 a multiple of 246?
True
Does 3 divide 1183348?
False
Does 86 divide 144548835?
False
Does 33 divide 2601422346?
False
Does 3 divide 1077881?
False
Is 2274505640 a multiple of 10277?
True
Is 82887476 a multiple of 4?
True
Does 122 divide 93666773?
False
Does 1574 divide 106189573?
False
Does 1456 divide 34172146?
False
Is 416596102 a multiple of 13?
True
Is 744 a factor of 106934907?
False
Is 18967505 a multiple of 79?
True
Does 741 divide 105271525?
False
Does 1659 divide 391275841?
False
Is 290 a factor of 1973064020?
False
Does 123 divide 454997695?
False
Does 28 divide 35563948?
True
Does 10 divide 150384490?
True
Does 7 divide 1390704553?
True
Is 52075429 a multiple of 2?
False
Does 624 divide 131550278?
False
Is 3 a factor of 16614108?
True
Does 105 divide 178854727?
False
Is 1178085259 a multiple of 463?
False
Is 91 a factor of 5850449?
False
Is 1282 a factor of 171176193?
False
Is 69929446 a multiple of 593?
False